06-24 13:37:31.153 1412 1718 W ActivityTaskManager: Activity top resumed state loss timeout for ActivityRecord{3931407 u0 info.degois.damien.android.aNag/.activities.Main t73 f} isExiting}
06-24 13:37:31.202 2376 2412 V WindowManagerShell: Transition animation finished (aborted=false), notifying core (#104) android.os.BinderProxy@988461b@0
06-24 13:37:31.205 1412 1715 V WindowManager: Finish Transition (#104): created at
06-24 13:37:30.651 collect-started=0.014ms request-sent=0.07ms started=6.908ms ready=20.991ms sent=23.85ms finished=553.447ms
06-24 13:37:31.207 2376 2412 V WindowManagerShell: Track 0 became idle
06-24 13:37:31.207 2376 2412 V WindowManagerShell: All active transition animations finished
06-24 13:37:31.208 1412 4141 W UserManagerService: Requested status bar icon for non-badged user 0
06-24 13:37:31.211 1412 4141 W UserManagerService: Requested status bar icon for non-badged user 0
06-24 13:37:31.225 1236 1236 I BpBinder: onLastStrongRef automatically unlinking death recipients:
06-24 13:37:31.334 1412 1482 W System : A resource failed to call release.
06-24 13:37:31.334 1412 1482 W System : A resource failed to call HardwareBuffer.close.
06-24 13:37:31.334 1412 1482 W System : A resource failed to call HardwareBuffer.close.
06-24 13:37:31.334 1412 1482 W System : A resource failed to call HardwareBuffer.close.
06-24 13:37:31.334 1412 1482 W System : A resource failed to call HardwareBuffer.close.
06-24 13:37:31.334 1412 1482 W System : A resource failed to call HardwareBuffer.close.
06-24 13:37:31.334 1412 1482 W System : A resource failed to call HardwareBuffer.close.
06-24 13:37:31.335 1412 1482 W System : A resource failed to call HardwareBuffer.close.
06-24 13:37:31.335 1412 1482 W System : A resource failed to call HardwareBuffer.close.
06-24 13:37:31.335 1412 1482 W System : A resource failed to call HardwareBuffer.close.
06-24 13:37:31.335 1412 1482 W System : A resource failed to call release.
06-24 13:37:31.335 1412 1482 W System : A resource failed to call HardwareBuffer.close.
06-24 13:37:31.335 1412 1482 W System : A resource failed to call HardwareBuffer.close.
06-24 13:37:31.335 1412 1482 W System : A resource failed to call HardwareBuffer.close.
06-24 13:37:31.669 1412 1763 D CompatibilityChangeReporter: Compat change id reported: 135634846; UID 10209; state: DISABLED
06-24 13:37:31.669 1412 1763 D CompatibilityChangeReporter: Compat change id reported: 177438394; UID 10209; state: DISABLED
06-24 13:37:31.670 1412 1763 D CompatibilityChangeReporter: Compat change id reported: 135772972; UID 10209; state: DISABLED
06-24 13:37:31.670 1412 1763 D CompatibilityChangeReporter: Compat change id reported: 135754954; UID 10209; state: ENABLED
06-24 13:37:31.672 1412 1764 D CompatibilityChangeReporter: Compat change id reported: 143937733; UID 10209; state: ENABLED
06-24 13:37:31.691 881 881 D Zygote : Forked child process 9186
06-24 13:37:31.692 1412 1764 I ActivityManager: Start proc 9186:info.degois.damien.android.aNag/u0a209 for service {info.degois.damien.android.aNag/info.degois.damien.android.aNag.services.UpdateService}
06-24 13:37:31.716 9186 9186 I en.android.aNag: Using CollectorTypeCC GC.
06-24 13:37:31.720 9186 9186 E en.android.aNag: Not starting debugger since process cannot load the jdwp agent.
06-24 13:37:31.732 9186 9186 D CompatibilityChangeReporter: Compat change id reported: 171979766; UID 10209; state: ENABLED
06-24 13:37:31.732 9186 9186 D CompatibilityChangeReporter: Compat change id reported: 242716250; UID 10209; state: ENABLED
06-24 13:37:31.736 9186 9186 D nativeloader: Configuring clns-4 for other apk /system/framework/org.apache.http.legacy.jar. target_sdk_version=34, uses_libraries=ALL, library_path=/data/app/~~9MMPvWA0Ddu48dWmWZwJQQ==/info.degois.damien.android.aNag-1JSOoFcdnpvIOwA9yKcB3w==/lib/arm64, permitted_path=/data:/mnt/expand:/data/user/0/info.degois.damien.android.aNag
06-24 13:37:31.738 9186 9186 D nativeloader: Configuring clns-5 for other apk /data/app/~~9MMPvWA0Ddu48dWmWZwJQQ==/info.degois.damien.android.aNag-1JSOoFcdnpvIOwA9yKcB3w==/base.apk. target_sdk_version=34, uses_libraries=, library_path=/data/app/~~9MMPvWA0Ddu48dWmWZwJQQ==/info.degois.damien.android.aNag-1JSOoFcdnpvIOwA9yKcB3w==/lib/arm64, permitted_path=/data:/mnt/expand:/data/user/0/info.degois.damien.android.aNag
06-24 13:37:31.743 9186 9186 V GraphicsEnvironment: Currently set values for:
06-24 13:37:31.743 9186 9186 V GraphicsEnvironment: angle_gl_driver_selection_pkgs=[]
06-24 13:37:31.743 9186 9186 V GraphicsEnvironment: angle_gl_driver_selection_values=[]
06-24 13:37:31.743 9186 9186 V GraphicsEnvironment: Global.Settings values are invalid: number of packages: 0, number of values: 0
06-24 13:37:31.743 9186 9186 V GraphicsEnvironment: Neither updatable production driver nor prerelease driver is supported.
06-24 13:37:31.746 9186 9186 D info.degois.damien.android.aNag.aNag: HashCode: 808304691
06-24 13:37:31.748 9186 9186 W SharedPreferenc: type=1400 audit(0.0:171): avc: denied { open } for path="/data/data/info.degois.damien.android.aNag/shared_prefs/info.degois.damien.android.aNag_preferences.xml" dev="dm-38" ino=79148 scontext=u:r:untrusted_app:s0:c209,c256,c512,c768 tcontext=u:object_r:system_data_file:s0 tclass=file permissive=0 app=info.degois.damien.android.aNag
06-24 13:37:31.753 9186 9203 W SharedPreferencesImpl: Cannot read /data/user/0/info.degois.damien.android.aNag/shared_prefs/info.degois.damien.android.aNag_preferences.xml
06-24 13:37:31.753 9186 9203 W SharedPreferencesImpl: java.io.FileNotFoundException: /data/user/0/info.degois.damien.android.aNag/shared_prefs/info.degois.damien.android.aNag_preferences.xml: open failed: EACCES (Permission denied)
06-24 13:37:31.753 9186 9203 W SharedPreferencesImpl: at libcore.io.IoBridge.open(IoBridge.java:574)
06-24 13:37:31.753 9186 9203 W SharedPreferencesImpl: at java.io.FileInputStream.(FileInputStream.java:160)
06-24 13:37:31.753 9186 9203 W SharedPreferencesImpl: at android.app.SharedPreferencesImpl.loadFromDisk(SharedPreferencesImpl.java:177)
06-24 13:37:31.753 9186 9203 W SharedPreferencesImpl: at android.app.SharedPreferencesImpl.lambda$startLoadFromDisk$0(SharedPreferencesImpl.java:149)
06-24 13:37:31.753 9186 9203 W SharedPreferencesImpl: at android.app.SharedPreferencesImpl.$r8$lambda$gCIQI__z13DI5jNIqnAnYLWLcMc(Unknown Source:0)
06-24 13:37:31.753 9186 9203 W SharedPreferencesImpl: at android.app.SharedPreferencesImpl$$ExternalSyntheticLambda0.run(D8$$SyntheticClass:0)
06-24 13:37:31.753 9186 9203 W SharedPreferencesImpl: at java.util.concurrent.ThreadPoolExecutor.runWorker(ThreadPoolExecutor.java:1145)
06-24 13:37:31.753 9186 9203 W SharedPreferencesImpl: at java.util.concurrent.ThreadPoolExecutor$Worker.run(ThreadPoolExecutor.java:644)
06-24 13:37:31.753 9186 9203 W SharedPreferencesImpl: at java.lang.Thread.run(Thread.java:1012)
06-24 13:37:31.753 9186 9203 W SharedPreferencesImpl: Caused by: android.system.ErrnoException: open failed: EACCES (Permission denied)
06-24 13:37:31.753 9186 9203 W SharedPreferencesImpl: at libcore.io.Linux.open(Native Method)
06-24 13:37:31.753 9186 9203 W SharedPreferencesImpl: at libcore.io.ForwardingOs.open(ForwardingOs.java:563)
06-24 13:37:31.753 9186 9203 W SharedPreferencesImpl: at libcore.io.BlockGuardOs.open(BlockGuardOs.java:274)
06-24 13:37:31.753 9186 9203 W SharedPreferencesImpl: at libcore.io.ForwardingOs.open(ForwardingOs.java:563)
06-24 13:37:31.753 9186 9203 W SharedPreferencesImpl: at android.app.ActivityThread$AndroidOs.open(ActivityThread.java:8387)
06-24 13:37:31.753 9186 9203 W SharedPreferencesImpl: at libcore.io.IoBridge.open(IoBridge.java:560)
06-24 13:37:31.753 9186 9203 W SharedPreferencesImpl: ... 8 more
06-24 13:37:31.753 9186 9186 I ACRA : ACRA is enabled for info.degois.damien.android.aNag, initializing...
06-24 13:37:31.768 9186 9186 W en.android.aNag: Accessing hidden field Landroid/view/ViewConfiguration;->sHasPermanentMenuKey:Z (max-target-p, reflection, denied)
06-24 13:37:31.764 9186 9186 W SharedPreferenc: type=1400 audit(0.0:172): avc: denied { open } for path="/data/data/info.degois.damien.android.aNag/shared_prefs/main_prefs.xml" dev="dm-38" ino=79143 scontext=u:r:untrusted_app:s0:c209,c256,c512,c768 tcontext=u:object_r:system_data_file:s0 tclass=file permissive=0 app=info.degois.damien.android.aNag
06-24 13:37:31.770 9186 9203 W SharedPreferencesImpl: Cannot read /data/user/0/info.degois.damien.android.aNag/shared_prefs/main_prefs.xml
06-24 13:37:31.770 9186 9203 W SharedPreferencesImpl: java.io.FileNotFoundException: /data/user/0/info.degois.damien.android.aNag/shared_prefs/main_prefs.xml: open failed: EACCES (Permission denied)
06-24 13:37:31.770 9186 9203 W SharedPreferencesImpl: at libcore.io.IoBridge.open(IoBridge.java:574)
06-24 13:37:31.770 9186 9203 W SharedPreferencesImpl: at java.io.FileInputStream.(FileInputStream.java:160)
06-24 13:37:31.770 9186 9203 W SharedPreferencesImpl: at android.app.SharedPreferencesImpl.loadFromDisk(SharedPreferencesImpl.java:177)
06-24 13:37:31.770 9186 9203 W SharedPreferencesImpl: at android.app.SharedPreferencesImpl.lambda$startLoadFromDisk$0(SharedPreferencesImpl.java:149)
06-24 13:37:31.770 9186 9203 W SharedPreferencesImpl: at android.app.SharedPreferencesImpl.$r8$lambda$gCIQI__z13DI5jNIqnAnYLWLcMc(Unknown Source:0)
06-24 13:37:31.770 9186 9203 W SharedPreferencesImpl: at android.app.SharedPreferencesImpl$$ExternalSyntheticLambda0.run(D8$$SyntheticClass:0)
06-24 13:37:31.770 9186 9203 W SharedPreferencesImpl: at java.util.concurrent.ThreadPoolExecutor.runWorker(ThreadPoolExecutor.java:1145)
06-24 13:37:31.770 9186 9203 W SharedPreferencesImpl: at java.util.concurrent.ThreadPoolExecutor$Worker.run(ThreadPoolExecutor.java:644)
06-24 13:37:31.770 9186 9203 W SharedPreferencesImpl: at java.lang.Thread.run(Thread.java:1012)
06-24 13:37:31.770 9186 9203 W SharedPreferencesImpl: Caused by: android.system.ErrnoException: open failed: EACCES (Permission denied)
06-24 13:37:31.770 9186 9203 W SharedPreferencesImpl: at libcore.io.Linux.open(Native Method)
06-24 13:37:31.770 9186 9203 W SharedPreferencesImpl: at libcore.io.ForwardingOs.open(ForwardingOs.java:563)
06-24 13:37:31.770 9186 9203 W SharedPreferencesImpl: at libcore.io.BlockGuardOs.open(BlockGuardOs.java:274)
06-24 13:37:31.770 9186 9203 W SharedPreferencesImpl: at libcore.io.ForwardingOs.open(ForwardingOs.java:563)
06-24 13:37:31.770 9186 9203 W SharedPreferencesImpl: at android.app.ActivityThread$AndroidOs.open(ActivityThread.java:8387)
06-24 13:37:31.770 9186 9203 W SharedPreferencesImpl: at libcore.io.IoBridge.open(IoBridge.java:560)
06-24 13:37:31.770 9186 9203 W SharedPreferencesImpl: ... 8 more
06-24 13:37:31.771 9186 9186 E SharedPreferencesImpl: Couldn't rename file /data/user/0/info.degois.damien.android.aNag/shared_prefs/main_prefs.xml to backup file /data/user/0/info.degois.damien.android.aNag/shared_prefs/main_prefs.xml.bak
06-24 13:37:31.771 9186 9186 E SharedPreferencesImpl: Couldn't rename file /data/user/0/info.degois.damien.android.aNag/shared_prefs/main_prefs.xml to backup file /data/user/0/info.degois.damien.android.aNag/shared_prefs/main_prefs.xml.bak
06-24 13:37:31.772 9186 9186 E SharedPreferencesImpl: Couldn't rename file /data/user/0/info.degois.damien.android.aNag/shared_prefs/main_prefs.xml to backup file /data/user/0/info.degois.damien.android.aNag/shared_prefs/main_prefs.xml.bak
06-24 13:37:31.772 9186 9186 D info.degois.damien.android.aNag.aNag: info.degois.damien.android.aNag_preferences
06-24 13:37:31.772 9186 9186 E SharedPreferencesImpl: Couldn't rename file /data/user/0/info.degois.damien.android.aNag/shared_prefs/info.degois.damien.android.aNag_preferences.xml to backup file /data/user/0/info.degois.damien.android.aNag/shared_prefs/info.degois.damien.android.aNag_preferences.xml.bak
06-24 13:37:31.772 9186 9186 I ACRA : ACRA is disabled for info.degois.damien.android.aNag
06-24 13:37:31.772 9186 9186 W Thread-2: type=1400 audit(0.0:173): avc: denied { read } for name="app_ACRA-unapproved" dev="dm-38" ino=79222 scontext=u:r:untrusted_app:s0:c209,c256,c512,c768 tcontext=u:object_r:system_data_file:s0 tclass=dir permissive=0 app=info.degois.damien.android.aNag
06-24 13:37:31.772 9186 9186 W Thread-2: type=1400 audit(0.0:174): avc: denied { read } for name="app_ACRA-approved" dev="dm-38" ino=79223 scontext=u:r:untrusted_app:s0:c209,c256,c512,c768 tcontext=u:object_r:system_data_file:s0 tclass=dir permissive=0 app=info.degois.damien.android.aNag
06-24 13:37:31.777 9186 9186 D info.degois.damien.android.aNag.services.UpdateService: Created
06-24 13:37:31.772 9186 9186 W SharedPreferenc: type=1400 audit(0.0:175): avc: denied { open } for path="/data/data/info.degois.damien.android.aNag/shared_prefs/main_prefs.xml" dev="dm-38" ino=79143 scontext=u:r:untrusted_app:s0:c209,c256,c512,c768 tcontext=u:object_r:system_data_file:s0 tclass=file permissive=0 app=info.degois.damien.android.aNag
06-24 13:37:31.779 9186 9203 W SharedPreferencesImpl: Cannot read /data/user/0/info.degois.damien.android.aNag/shared_prefs/main_prefs.xml
06-24 13:37:31.779 9186 9203 W SharedPreferencesImpl: java.io.FileNotFoundException: /data/user/0/info.degois.damien.android.aNag/shared_prefs/main_prefs.xml: open failed: EACCES (Permission denied)
06-24 13:37:31.779 9186 9203 W SharedPreferencesImpl: at libcore.io.IoBridge.open(IoBridge.java:574)
06-24 13:37:31.779 9186 9203 W SharedPreferencesImpl: at java.io.FileInputStream.(FileInputStream.java:160)
06-24 13:37:31.779 9186 9203 W SharedPreferencesImpl: at android.app.SharedPreferencesImpl.loadFromDisk(SharedPreferencesImpl.java:177)
06-24 13:37:31.779 9186 9203 W SharedPreferencesImpl: at android.app.SharedPreferencesImpl.lambda$startLoadFromDisk$0(SharedPreferencesImpl.java:149)
06-24 13:37:31.779 9186 9203 W SharedPreferencesImpl: at android.app.SharedPreferencesImpl.$r8$lambda$gCIQI__z13DI5jNIqnAnYLWLcMc(Unknown Source:0)
06-24 13:37:31.779 9186 9203 W SharedPreferencesImpl: at android.app.SharedPreferencesImpl$$ExternalSyntheticLambda0.run(D8$$SyntheticClass:0)
06-24 13:37:31.779 9186 9203 W SharedPreferencesImpl: at java.util.concurrent.ThreadPoolExecutor.runWorker(ThreadPoolExecutor.java:1145)
06-24 13:37:31.779 9186 9203 W SharedPreferencesImpl: at java.util.concurrent.ThreadPoolExecutor$Worker.run(ThreadPoolExecutor.java:644)
06-24 13:37:31.779 9186 9203 W SharedPreferencesImpl: at java.lang.Thread.run(Thread.java:1012)
06-24 13:37:31.779 9186 9203 W SharedPreferencesImpl: Caused by: android.system.ErrnoException: open failed: EACCES (Permission denied)
06-24 13:37:31.779 9186 9203 W SharedPreferencesImpl: at libcore.io.Linux.open(Native Method)
06-24 13:37:31.779 9186 9203 W SharedPreferencesImpl: at libcore.io.ForwardingOs.open(ForwardingOs.java:563)
06-24 13:37:31.779 9186 9203 W SharedPreferencesImpl: at libcore.io.BlockGuardOs.open(BlockGuardOs.java:274)
06-24 13:37:31.779 9186 9203 W SharedPreferencesImpl: at libcore.io.ForwardingOs.open(ForwardingOs.java:563)
06-24 13:37:31.779 9186 9203 W SharedPreferencesImpl: at android.app.ActivityThread$AndroidOs.open(ActivityThread.java:8387)
06-24 13:37:31.779 9186 9203 W SharedPreferencesImpl: at libcore.io.IoBridge.open(IoBridge.java:560)
06-24 13:37:31.779 9186 9203 W SharedPreferencesImpl: ... 8 more
06-24 13:37:31.781 1412 4141 D CompatibilityChangeReporter: Compat change id reported: 161145287; UID 10209; state: ENABLED
06-24 13:37:31.787 9186 9186 D info.degois.damien.android.aNag.services.UpdateService: Update scheduled evry 0 seconds
06-24 13:37:31.787 9186 9186 D CompatibilityChangeReporter: Compat change id reported: 160794467; UID 10209; state: ENABLED
06-24 13:37:31.790 1412 4141 D CompatibilityChangeReporter: Compat change id reported: 170668199; UID 10209; state: ENABLED
06-24 13:37:31.790 1412 4141 I ActivityManager: Background started FGS: Allowed [callingPackage: info.degois.damien.android.aNag; callingUid: 10209; uidState: TOP ; uidBFSL: [BFSL]; intent: Intent { cmp=info.degois.damien.android.aNag/.services.UpdateService }; code:PROC_STATE_TOP; tempAllowListReason:<,reasonCode:SYSTEM_ALLOW_LISTED,duration:9223372036854775807,callingUid:-1>; targetSdkVersion:34; callerTargetSdkVersion:34; startForegroundCount:0; bindFromPackage:null: isBindService:true]
06-24 13:37:31.790 1412 4141 D CompatibilityChangeReporter: Compat change id reported: 255659651; UID 10209; state: DISABLED
06-24 13:37:31.791 1412 4141 D CompatibilityChangeReporter: Compat change id reported: 255039210; UID 10209; state: DISABLED
06-24 13:37:31.792 1412 4141 W ForegroundServiceTypeLoggerModule: Foreground service start for UID: 10209 does not have any types
06-24 13:37:31.798 9186 9186 W audit : audit_lost=50 audit_rate_limit=5 audit_backlog_limit=64
06-24 13:37:31.798 9186 9186 E audit : rate limit exceeded
06-24 13:37:31.798 9186 9186 W FileUtils: Failed to chmod(/data/user/0/info.degois.damien.android.aNag/files): android.system.ErrnoException: chmod failed: EACCES (Permission denied)
06-24 13:37:31.799 9186 9186 W System.err: java.io.FileNotFoundException: /data/user/0/info.degois.damien.android.aNag/files/silences-string-silencedef.dat: open failed: EACCES (Permission denied)
06-24 13:37:31.799 9186 9186 W System.err: at libcore.io.IoBridge.open(IoBridge.java:574)
06-24 13:37:31.799 9186 9186 W System.err: at java.io.FileOutputStream.(FileOutputStream.java:236)
06-24 13:37:31.799 9186 9186 W System.err: at android.app.ContextImpl.openFileOutput(ContextImpl.java:767)
06-24 13:37:31.799 9186 9186 W System.err: at android.content.ContextWrapper.openFileOutput(ContextWrapper.java:256)
06-24 13:37:31.799 9186 9186 W System.err: at info.degois.damien.helpers.monitoring.SilenceManager.commit(SilenceManager.java:69)
06-24 13:37:31.799 9186 9186 W System.err: at info.degois.damien.helpers.monitoring.SilenceManager.(SilenceManager.java:55)
06-24 13:37:31.799 9186 9186 W System.err: at info.degois.damien.android.aNag.services.UpdateService.init(UpdateService.java:2113)
06-24 13:37:31.799 9186 9186 W System.err: at info.degois.damien.android.aNag.services.UpdateService.onStartCommand(UpdateService.java:2099)
06-24 13:37:31.799 9186 9186 W System.err: at android.app.ActivityThread.handleServiceArgs(ActivityThread.java:5035)
06-24 13:37:31.799 9186 9186 W System.err: at android.app.ActivityThread.-$$Nest$mhandleServiceArgs(Unknown Source:0)
06-24 13:37:31.799 9186 9186 W System.err: at android.app.ActivityThread$H.handleMessage(ActivityThread.java:2390)
06-24 13:37:31.799 9186 9186 W System.err: at android.os.Handler.dispatchMessage(Handler.java:107)
06-24 13:37:31.799 9186 9186 W System.err: at android.os.Looper.loopOnce(Looper.java:232)
06-24 13:37:31.799 9186 9186 W System.err: at android.os.Looper.loop(Looper.java:317)
06-24 13:37:31.799 9186 9186 W System.err: at android.app.ActivityThread.main(ActivityThread.java:8501)
06-24 13:37:31.799 9186 9186 W System.err: at java.lang.reflect.Method.invoke(Native Method)
06-24 13:37:31.799 9186 9186 W System.err: at com.android.internal.os.RuntimeInit$MethodAndArgsCaller.run(RuntimeInit.java:552)
06-24 13:37:31.799 9186 9186 W System.err: at com.android.internal.os.ZygoteInit.main(ZygoteInit.java:878)
06-24 13:37:31.799 9186 9186 W System.err: Caused by: android.system.ErrnoException: open failed: EACCES (Permission denied)
06-24 13:37:31.799 9186 9186 W System.err: at libcore.io.Linux.open(Native Method)
06-24 13:37:31.799 9186 9186 W System.err: at libcore.io.ForwardingOs.open(ForwardingOs.java:563)
06-24 13:37:31.799 9186 9186 W System.err: at libcore.io.BlockGuardOs.open(BlockGuardOs.java:274)
06-24 13:37:31.799 9186 9186 W System.err: at libcore.io.ForwardingOs.open(ForwardingOs.java:563)
06-24 13:37:31.799 9186 9186 W System.err: at android.app.ActivityThread$AndroidOs.open(ActivityThread.java:8387)
06-24 13:37:31.800 9186 9186 W System.err: at libcore.io.IoBridge.open(IoBridge.java:560)
06-24 13:37:31.800 9186 9186 W System.err: ... 17 more
06-24 13:37:31.803 9186 9205 I info.degois.damien.android.aNag.services.UpdateService: All instances updated
06-24 13:37:31.804 9186 9205 D info.degois.damien.android.aNag.services.UpdateService: aNag status:
06-24 13:37:31.806 1412 4141 D CompatibilityChangeReporter: Compat change id reported: 157233955; UID 10209; state: ENABLED